te a(-9).
5
Let b(v) = -210*v**2 + 325*v + 324. Determine b(-1).
-211
Let q(m) = -4*m**2 - 1706*m - 1706. Calculate q(-1).
-4
Let h(t) = -t**2 + 7635*t + 53383. Calculate h(-7).
-111
Let i(b) = 4*b**2 + 136*b - 1467800. Calculate i(-623).
-12
Let a(s) = -189*s + 4907. Calculate a(25).
182
Let p(d) = -7*d**3 - 4*d**2 - 622*d + 1870. Give p(3).
-221
Let j(l) = -4*l**2 + 2777*l - 8332. Give j(3).
-37
Let t(v) = 65563*v - 65350. What is t(1)?
213
Let v(x) = -4168*x - 2121506. Calculate v(-509).
6
Let i(z) = 146616*z - 2199235. Give i(15).
5
Let l(d) = 3*d**3 - 271*d**2 + 615*d + 209. Determine l(88).
121
Let c(v) = 243*v**2 + 777*v + 736. Calculate c(-1).
202
Let r(l) = -2*l**3 + 270*l**2 + 582*l - 4938. Determine r(137).
-280
Let r(k) = 97*k**2 - 11348*k - 279. Determine r(117).
-162
Let o(k) = -2*k**3 - 100*k**2 + 1783*k + 136. Determine o(-64).
712
Let b(q) = -2*q**3 + 153*q**2 - 902*q - 541. What is b(70)?
19
Let p(j) = 338*j + 2081. Give p(-5).
391
Let z(m) = 770*m - 81. Determine z(-1).
-851
Let r(p) = 568*p - 4694. Determine r(11).
1554
Let i(u) = 5401*u + 2549294. Calculate i(-472).
22
Let k(i) = -13735*i - 1222390. Calculate k(-89).
25
Let d(b) = -b**3 + 24*b**2 + 259*b - 104. Give d(-8).
-128
Let f(h) = -1092*h + 4345. What is f(4)?
-23
Let h(u) = 5*u**3 - 591*u**2 + 114*u + 515. Give h(118).
43
Let u(p) = 1552*p - 218836. Calculate u(141).
-4
Let c(v) = 15892*v + 810508. Calculate c(-51).
16
Let l(q) = 15*q**2 + 195*q - 2. What is l(-14)?
208
Let w(i) = i**2 + 536*i + 49285. Calculate w(-117).
262
Let v(i) = -i**3 - 8*i**2 - 1128*i - 9005. Give v(-8).
19
Let z(o) = o**3 - 9*o**2 - 41*o + 33. Determine z(7).
-352
Let u(l) = -l**3 - 557*l**2 - 1391*l - 155958. Calculate u(-555).
-3
Let b(d) = -62*d**2 - 138*d + 7. What is b(-2)?
35
Let k(q) = -4*q**2 + 6527*q + 371096. Give k(-55).
11
Let d(k) = -k**3 + 161*k**2 - 2045*k - 1902. Calculate d(147).
9
Let h(n) = 13550*n - 3035203. Determine h(224).
-3
Let q(f) = -2*f**2 - 155*f + 12567. Determine q(51).
-540
Let q(s) = -s**2 + 300924*s + 2407450. Give q(-8).
-6
Let c(a) = -14*a**2 + 389*a + 4502. Calculate c(-11).
-1471
Let y(m) = -m**3 - 9*m**2 - 183*m - 639. Determine y(-4).
13
Let z(w) = w**3 + 41*w**2 + 426*w + 1287. What is z(-27)?
-9
Let r(v) = -3*v**2 + 7220*v - 21617. Determine r(3).
16
Let l(z) = 570*z + 14273. Determine l(-25).
23
Let h(c) = c**3 + 134*c**2 + 336*c + 45019. Give h(-134).
-5
Let b(x) = 5*x**2 - 3336*x + 30123. Give b(9).
504
Let a(c) = -18479*c + 128661. What is a(7)?
-692
Let p(a) = 515*a + 10330. Calculate p(-21).
-485
Let z(y) = -3*y**3 - 29*y**2 + 103*y + 926. What is z(-9)?
-163
Let m(i) = 59*i - 2589. Give m(48).
243
Let v(y) = 40002*y + 6600345. Give v(-165).
15
Let v(h) = 31*h**3 + 867*h**2 - 1733*h - 3. Determine v(2).
247
Let l(r) = 4*r**2 + 59*r + 82. Give l(-17).
235
Let f(l) = 1007*l**2 + 1539*l + 1531. Give f(-1).
999
Let h(i) = 2*i**3 + 36*i + 172. Determine h(-5).
-258
Let s(o) = 4*o**3 + 133*o**2 + 931*o + 339. Determine s(-23).
615
Let j(i) = 6*i**2 - 9*i - 2. Calculate j(8).
310
Let a(z) = z**3 + 35*z**2 - 681*z + 2293. What is a(10)?
-17
Let y(u) = u**3 - 255*u**2 + 7577*u - 2138. Determine y(34).
4
Let z(w) = 541539*w + 11913854. What is z(-22)?
-4
Let i(b) = b**2 + 2560*b - 12844. Give i(5).
-19
Let y(n) = -2*n**3 + 66*n**2 - 523*n - 65. Calculate y(18).
241
Let h(n) = -4*n**2 + 286*n - 4273. What is h(15)?
-883
Let v(y) = -252*y + 1085. What is v(-2)?
1589
Let h(k) = 52*k - 1069. What is h(21)?
23
Let x(n) = -5996*n**2 - 125913*n + 71. Determine x(-21).
8
Let b(y) = 1459*y - 19106. Calculate b(14).
1320
Let r(m) = -142*m + 699. Calculate r(6).
-153
Let i(y) = 2*y**3 + 86*y**2 + 169*y + 203. Determine i(-41).
-2
Let b(c) = -138*c - 4479. Give b(-36).
489
Let g(h) = -40*h**3 - 205*h**2 - 234*h + 2. Give g(-1).
71
Let l(d) = 1363*d + 58120. What is l(-43)?
-489
Let h(w) = 30*w - 1256. What is h(-59)?
-3026
Let q(i) = i**2 + 1777*i + 756125. Determine q(-706).
-1
Let u(r) = -2*r**3 + 643*r**2 + 4264*r - 70. Give u(328).
-70
Let d(f) = 23*f**3 - 111*f**2 - 42. Calculate d(6).
930
Let h(x) = -3*x**3 + 9*x**2 + 5*x - 65. Determine h(-4).
251
Let u(h) = 14655*h - 674138. What is u(46)?
-8
Let h(r) = r**3 + 115*r + 172. Determine h(0).
172
Let z(m) = 495*m + 62704. What is z(-129)?
-1151
Let w(m) = 80590*m + 80591. Calculate w(-1).
1
Let a(c) = 64*c**3 - 571*c**2 - 15*c - 48. Determine a(9).
222
Let k(g) = 2*g**3 - 40*g**2 + 199*g - 1754. Determine k(17).
-105
Let w(b) = 4*b**3 - 248*b**2 + 600*b + 6406. Determine w(59).
34
Let z(w) = -65307*w + 1240835. What is z(19)?
2
Let f(l) = -416*l + 23245. What is f(55)?
365
Let n(f) = 5559*f + 16542. Determine n(-3).
-135
Let w(a) = -a**3 + 24*a**2 - 11*a - 34. Calculate w(26).
-1672
Let i(y) = -y**3 - 62*y**2 - 573*y + 92. Calculate i(-51).
704
Let q(u) = 2*u**3 - 5*u**2 + 2802*u - 13977. Give q(5).
158
Let r(x) = 30249*x + 2813168. What is r(-93)?
11
Let w(c) = 363374*c + 10174585. What is w(-28)?
113
Let k(f) = 85480*f + 2. Give k(0).
2
Let u(x) = 76*x**2 + 7189*x - 2924. What is u(-95)?
21
Let i(m) = m**3 - 47*m**2 - 275*m + 23472. What is i(38)?
26
Let j(a) = -a**3 + 436*a**2 - 3845*a - 40. What is j(9)?
-58
Let a(m) = 6*m**2 - 537*m + 334. Calculate a(83).
-2903
Let t(c) = c**3 - 19*c**2 - 754. Give t(19).
-754
Let w(d) = -3116*d - 40515. What is w(-13)?
-7
Let l(c) = -c**3 - 41*c**2 - 211*c - 3655. Calculate l(-38).
31
Let t(l) = -l**3 - 27*l**2 - 28*l - 187. Determine t(-25).
-737
Let h(a) = -1017*a - 19363. What is h(-19)?
-40
Let s(q) = -14157*q + 1387296. Calculate s(98).
-90
Let d(a) = 4*a**2 - 810*a + 22709. Calculate d(169).
63
Let m(p) = p**3 + 150*p**2 - 101*p + 30809. Calculate m(-152).
-47
Let o(d) = 2127*d**2 - 154*d + 153. Determine o(1).
2126
Let w(k) = 204*k + 3216. Give w(-19).
-660
Let w(b) = 999*b - 154607. Give w(158).
3235
Let y(m) = 2*m**2 - 858*m + 119. Calculate y(0).
119
Let m(x) = 14*x**3 - 3*x**2 - 17*x - 48. Determine m(-4).
-924
Let g(u) = -u**3 - 34*u**2 + 111*u + 16. What is g(-37)?
16
Let o(r) = 7996*r + 48660. Give o(-6).
684
Let o(t) = 200*t - 55802. Determine o(276).
-602
Let n(o) = -3*o**2 + 98*o + 57425. Determine n(-123).
-16
Let r(y) = -39*y**3 + 3820*y**2 + 181*y + 1464. Determine r(98).
-6
Let d(z) = -2*z**2 - 66*z + 548. Calculate d(8).
-108
Let m(q) = 28691*q + 344310. Calculate m(-12).
18
Let b(c) = 13777*c + 123992. Give b(-9).
-1
Let i(x) = -12*x**3 - 10*x**2 + 23*x + 35. Determine i(-1).
14
Let k(v) = -v**2 + 225*v + 15297. Calculate k(-55).
-103
Let d(q) = q**3 + 33*q**2 + 471*q + 12942. Give d(-31).
263
Let d(a) = -1149*a + 46852. Determine d(41).
-257
Let t(c) = 217957*c - 10026024. Give t(46).
-2
Let c(s) = 3*s**2 - 149*s + 949. Give c(43).
89
Let q(j) = j**2 - 192*j + 5174. Calculate q(33).
-73
Let g(a) = -31*a**2 + 956*a + 229. Calculate g(31).
74
Let u(c) = -367*c + 2972. Calculate u(8).
36
Let d(g) = 70*g - 6887. Determine d(117).
1303
Let s(i) = 98*i**2 + 21376*i + 2696. What is s(-218)?
80
Let u(m) = 26*m**2 - 134*m + 423. Calculate u(4).
303
Let r(q) = 7626*q - 4354442. What is r(571)?
4
Let a(o) = -4260*o + 47113. Calculate a(11).
253
Let o(m) = -362385*m - 2174355. Calculate o(-6).
-45
Let q(x) = -432*x + 71516. Calculate q(166).
-196
Let x(y) = -2*y**3 + 134*y**2 - 1598*y - 541. Calculate x(16).
3
Let j(t) = 590*t - 8033. Give j(9).
-2723
Let c(h) = -h**2 + 5042*h + 187919. What is c(-37)?
-4
Let q(m) = -39*m**2 + 1641*m - 141. Calculate q(42).
-15
Let m(b) = -23678*b + 12004750. Give m(507).
4
Let v(j) = -j**2 - 165361*j - 2976172. Give v(-18).
2
Let w(c) = -3*c**2 - 543*c + 5119. Calculate w(-190).
-11
Let y(t) = -96*t**2 - 4192*t - 186. Calculate y(-44).
-1594
Let s(o) = o**2 - 281*o - 4695. Give s(-17).
371
Let f(j) = 77*j**2 - 6259*j - 78. Give f(81).
-1860
Let z(g) = -17*g**2 + 89*g + 18. What is z(0)?
18
Let r(g) = -7*g**2 - 3611*g - 20914. Determine r(-510).
-4
Let f(i) = 58*i - 793. Calculate f(4).
-561
Let z(g) = 2*g**2 + 266*g - 3360. Give z(12).
120
Let r(c) = c**3 + 187*c**2 - 40321*c - 348. What is r(-315)?
-33
Let z(t) = -2*t**3 - 11*t**2 + 373*t + 2521. What is z(-7)?
57
Let f(d) = 521*d + 952. Give f(-4).
-1132
Let r(w) = -w**3 - 48*w**2 - 478*w - 28. What is r(-34)?
40
Let a(y) = y**3 + 11*y**2 + 160*y + 4463. Determine a